osite number?
True
Is 132720911 prime?
True
Is 4780727243 composite?
False
Is 8575208185 a prime number?
False
Is 233189283 prime?
False
Is 1352679541 a composite number?
False
Is 20909499763 composite?
True
Is 2050008479 prime?
True
Is 95261209 composite?
True
Is 7647986161 a prime number?
False
Is 14456116729 a prime number?
True
Is 4770229391 a composite number?
False
Is 1012800493 a prime number?
True
Is 16267665871 a composite number?
False
Is 17193901297 prime?
False
Is 8719490973 a composite number?
True
Is 1901515129 composite?
True
Is 8240183761 a composite number?
True
Is 828445483 a prime number?
True
Is 1127481931 composite?
False
Is 22456591849 a composite number?
False
Is 8635701829 a composite number?
False
Is 1509767659 a prime number?
True
Is 72764537 a composite number?
True
Is 8657275553 composite?
True
Is 22261122791 prime?
False
Is 17320870243 composite?
False
Is 14653656503 a prime number?
True
Is 34931453 prime?
True
Is 322606147 composite?
False
Is 58758025127 composite?
False
Is 77853499 a composite number?
False
Is 8660184413 a composite number?
False
Is 9451378721 composite?
True
Is 984890789 a composite number?
False
Is 1705258703 a composite number?
False
Is 5921176309 a prime number?
False
Is 1615426823 prime?
True
Is 61613592643 prime?
False
Is 1617947281 a composite number?
False
Is 2750778131 a composite number?
False
Is 594185331605 composite?
True
Is 236469565 a composite number?
True
Is 488089013 composite?
True
Is 1247604209 prime?
False
Is 2880737369 composite?
False
Is 88971617213 a prime number?
False
Is 23185531 composite?
False
Is 10560070139 composite?
True
Is 7087719181 prime?
False
Is 5467190861 prime?
False
Is 14445679049 a prime number?
True
Is 114995947 prime?
False
Is 276098231 a prime number?
True
Is 1335147761 a composite number?
True
Is 1042301317 a prime number?
True
Is 680448649 a composite number?
False
Is 15143310589 a prime number?
False
Is 188789673097 a prime number?
True
Is 7773934382 composite?
True
Is 1436008213 a prime number?
True
Is 309767249469 prime?
False
Is 199773448163 a prime number?
False
Is 557289793 a prime number?
False
Is 141235448579 a prime number?
True
Is 990722189 a prime number?
False
Is 15779823635 prime?
False
Is 280236581 composite?
False
Is 105277253 prime?
False
Is 49228319 prime?
False
Is 2113062089 a composite number?
False
Is 173810387 a prime number?
True
Is 10607682587 a prime number?
False
Is 3762199267 a prime number?
False
Is 463973645 composite?
True
Is 8137489013 a composite number?
False
Is 883135571 composite?
True
Is 119732957 composite?
False
Is 165431323 a prime number?
True
Is 825381751 prime?
False
Is 29970037379 a prime number?
True
Is 349249993 a composite number?
True
Is 4823181959 a prime number?
True
Is 1145617951 composite?
False
Is 17176392061 a composite number?
True
Is 5012934859 prime?
True
Is 863323922 a prime number?
False
Is 7800500969 a prime number?
True
Is 10823406001 composite?
False
Is 15688613 a composite number?
False
Is 69015771599 composite?
True
Is 13599427958 prime?
False
Is 2438997331 a prime number?
False
Is 185003771 a prime number?
True
Is 3507074927 composite?
True
Is 5083435767 composite?
True
Is 50939452771 prime?
True
Is 2031491849 prime?
True
Is 2953525517 prime?
False
Is 66305655977 prime?
False
Is 4695788431 prime?
False
Is 666862739 a composite number?
True
Is 26642603551 a composite number?
False
Is 284188953 a prime number?
False
Is 2246689657 composite?
True
Is 2543645609 a prime number?
True
Is 7439774491 prime?
True
Is 1076970073 a prime number?
True
Is 1469841897 a prime number?
False
Is 11335572883 a composite number?
False
Is 86668431917 a composite number?
False
Is 10211591837 a composite number?
False
Is 319581631 a composite number?
True
Is 1413264947 a composite number?
True
Is 40344140251 composite?
False
Is 8383055137 composite?
False
Is 71167093 prime?
False
Is 90646664663 composite?
False
Is 1181633773 a composite number?
True
Is 55057932802 prime?
False
Is 3262149259 prime?
True
Is 15804718159 a prime number?
True
Is 1762896983 a composite number?
True
Is 1888805059 a composite number?
False
Is 15842884709 prime?
False
Is 2174136859 a prime number?
True
Is 148083917 a prime number?
True
Is 1086428021 composite?
True
Is 8456221409 composite?
False
Is 93569408359 prime?
False
Is 5470648303 a composite number?
False
Is 1209387161 composite?
False
Is 36641160323 prime?
False
Is 301788367 a composite number?
True
Is 334103577055 prime?
False
Is 3538725499 a prime number?
True
Is 662751493 composite?
False
Is 78277801343 prime?
False
Is 5778303413 composite?
False
Is 981619207 prime?
False
Is 11831153849 a prime number?
True
Is 108577846523 composite?
True
Is 4267578331 prime?
False
Is 682251833 prime?
True
Is 3065599421 a composite number?
True
Is 565271807 a composite number?
False
Is 11315980241 composite?
False
Is 428526151 a composite number?
True
Is 938220847 prime?
False
Is 412551355 a composite number?
True
Is 187357223 a composite number?
False
Is 69839201027 prime?
False
Is 1371380519 a composite number?
False
Is 3923926667 a prime number?
False
Is 30416455943 composite?
False
Is 28332427979 prime?
True
Is 551009411 prime?
False
Is 6138405397 a composite number?
True
Is 10642435161 composite?
True
Is 356529827 a composite number?
True
Is 11074003 composite?
True
Is 1536506887 composite?
False
Is 7683101749 a prime number?
True
Is 586502627 composite?
False
Is 4111170251 a prime number?
True
Is 393959569 a composite number?
False
Is 60433151 prime?
True
Is 47057994601 composite?
True
Is 2007136799 a composite number?
False
Is 336670341589 prime?
False
Is 46689544831 composite?
False
Is 833761679 prime?
False
Is 655188869 a composite number?
False
Is 622569539 a composite number?
False
Is 6393452959 composite?
False
Is 71091751 composite?
False
Is 6165508199 prime?
False
Is 6061725421 a composite number?
True
Is 327293471 a prime number?
True
Is 19600510751 a prime number?
False
Is 5042811539 a prime number?
False
Is 1442536897 prime?
True
Is 72976477661 prime?
True
Is 420685997 composite?
False
Is 17600686223 a composite number?
True
Is 946675567 composite?
False
Is 44776646 prime?
False
Is 741186353 a prime number?
False
Is 201464359 a composite number?
True
Is 22830383747 prime?
True
Is 1092633217 composite?
True
Is 2783771647 a composite number?
False
Is 74569487 a prime number?
True
Is 57894012611 a composite number?
False
Is 132976901059 a composite number?
False
Is 6037390811 composite?
False
Is 7449412193 prime?
True
Is 11001420139 composite?
False
Is 746341331 prime?
True
Is 5056240457 prime?
True
Is 2681588893 composite?
True
Is 9135891209 a prime number?
True
Is 1052204305 prime?
False
Is 2108634413 a composite number?
False
Is 50648403143 a composite number?
True
Is 87339526013 composite?
False
Is 3836588879 a prime number?
False
Is 36486862729 a prime number?
False
Is 26408266802 prime?
False
Is 3132215 a composite number?
True
Is 240453305 prime?
False
Is 1979205463 prime?
False
Is 4677105319 a prime number?
True
Is 9153138121 composite?
True
Is 477406705 a composite number?
True
Is 1226375077 prime?
True
Is 399722473 prime?
True
Is 2070953083 a prime number?
True
Is 155128327 prime?
False
Is 5018487011 a composite number?
False
Is 153102259 composite?
False
Is 16627057 composite?
False
Is 185422631 composite?
True
Is 26783747953 a prime number?
True
Is 178533136013 prime?
True
Is 4567286261 a prime number?
True
Is 4458990791 prime?
True
Is 165375797 a prime number?
True
Is 28793167873 prime?
True
Is 2947160023 a composite number?
False
Is 442065941 prime?
True
Is 1650830821 a prime number?
True
Is 13998462011 prime?
False
Is 309068339 a prime number?
False
Is 46927129519 a composite number?
False
Is 1504281917 a prime number?
False
Is 27195961 a composite number?
True
Is 314751971 a composite number?
True
Is 857261318 a composite number?
True
Is 11616420577 prime?
False
Is 1348067389 a composite number?
False
Is 18926689637 a composite number?
True
Is 53933494267 prime?
True
Is 2176360003 a composite number?
True
Is 3095093019 a composite number?
True
Is 219995533 a prime number?
True
Is 14641476826 prime?
False
Is 1127515381 prime?
False
Is 73233607 a prime number?
Tr